1
Calculate (-30 - -3) + -34 + 26 + 18.
-17
Calculate (-13 + -7 - -18 - -11) + 20.
29
Evaluate (1 - (-2 - (-5 + 7))) + 251 + -261.
-5
What is 10 - (85 - (-20 - -41) - (15 + -3))?
-42
-26 - (-2 - -5 - (5 - 3) - -16)
-43
Evaluate (-1 - 3) + (7 - -12) + (-5 - -26).
36
-10379 + 10372 - (91 - 2)
-96
-22 - (-1 + 25 - 18)
-28
Calculate (154 - (-22 + 55)) + -54.
67
What is (-77 - 1) + (10 + 15 - (-212 - -230))?
-71
0 + -40 - (115 + -93 + -46)
-16
-18 - -4 - 36 - -20 - 59
-89
What is -152 - -7 - (67 - 179)?
-33
16 - 16 - 49 - -53
4
What is (-59 - (-16 + -42)) + 14?
13
Evaluate -72 - -1 - (1206 - 1392).
115
Calculate -769 - -897 - (15 - 0).
113
Calculate (75 - 16) + -15 - (4 + -4).
44
2 + 4 + -5 + -52 + 3 - (355 - 354)
-49
Calculate -6 + (0 - -1) + (-12533 - -12589).
51
What is 83 - (42 + 53) - (0 + -29)?
17
Calculate -3 - -6 - 0 - 8 - (-80 - 8 - 18).
101
Calculate (-13 - ((-68 - -22) + -4)) + 0 + (1 - 2).
36
(13 - 9) + -6 + 23 + -2 - -13
32
Calculate -27 - (7 + (57 - 123)).
32
Evaluate -8 + (11 + 30 + 6 - (-3 + 19 + -5)).
28
What is the value of 5 - 81 - ((-8 - -12) + 4 - (-1 - 4))?
-89
Calculate (8 - 33) + -11 + 6 + 7.
-23
Evaluate 101 - (25 + (14 - 24 - 8)).
94
-21 + (-12 - 5) + 19 - 21
-40
Evaluate -3658 - -3524 - (3 + -13 + 1).
-125
(-17 - -22) + (-6 + 3 - -16) - -10
28
What is the value of (20 - (-2 + 5)) + 2 + -23?
-4
-37 + 43 + -213 + 96
-111
What is the value of 13 + (1 - 2) + 0 + -9823 + 9848?
37
Evaluate -47 - (1 + -33) - (-11 - -4).
-8
-43 + -3 + (-78 - -30)
-94
What is 147 - 1 - (-19 - -26 - (39 + -46))?
132
Evaluate 22 + (-54 - -64) + (1 - 74).
-41
Calculate 508 - 358 - (31 - -38).
81
Calculate (-106 - 0) + 2 + -1 + -20 + 20.
-105
What is 122 + 94 + 9 + -191?
34
Evaluate -10 - (0 + -3 - (-515 + 431)) - (-14 + 2).
-79
What is 16 + (19 + 0 - 22) + 3?
16
What is the value of (-2 - 0) + (15 - 17) + (8 - -25) + -31?
-2
-16 - (23 + 54 + -38) - -30
-25
What is -13 + 0 - ((-48 - 3) + 16 - -7)?
15
What is (11 + 40 - 54 - 4) + -1 + -112?
-120
What is 41 + -38 - (4 - 4) - (0 - -1 - 0)?
2
Calculate (17 - (46 + -21)) + 10.
2
What is the value of (1 - 7) + 14 + -2 - (-49 + 10)?
45
Evaluate 25 + (23 - 51) - (-2 - (-4 + 0)).
-5
What is the value of (-62 - 27) + 21 - -76?
8
What is the value of (13 - -131) + -189 + 132?
87
Evaluate -13 - (-26 - 0) - -2 - (-8 - -5).
18
(12 - (-5 + 5)) + (-17 - -1 - (-749 + 725))
20
6 - (-8 - (9 + -22 + -2 - -4))
3
Evaluate (-6 - -2 - ((1 - 3) + 2)) + 0 + 51.
47
What is the value of (-1 + 24 - 11) + -78 + 8 + -22?
-80
What is (-32 + 12 + 13 - 17) + 3 + -1?
-22
Calculate -54 + 55 + 15 + -1 + -145.
-130
Calculate -1 + (65 - -8) + 0 - (-29 - (-1 + -23)).
77
What is the value of (18 - (-6 - -14) - (14 + 22 + -10)) + -12?
-28
What is (180 - -1) + (140 - (191 + -14))?
144
What is 0 + (-122 - 0) + -42 + (11 - -38) + 14?
-101
What is (29 - -9) + -7 - -19?
50
Evaluate -54 - (-53 + -9) - 17.
-9
Calculate 22 + (-1 - 1) + 141 + -145 - -20.
36
Evaluate 1177 - 1252 - (7 - (5 + -2)).
-79
What is the value of (97 - (11 + 1)) + (14 - (9 - -27))?
63
(-108 - 3) + (-1229 - -1276) + (9 - (-1 + 0))
-54
What is (-113 - -234) + 7 + -24?
104
What is the value of -48 - (46 + (44 - 97))?
-41
Evaluate 15 + (18 - (16 + 22)) + (-62 + -5 - 1).
-73
84 + (13 - -52 - 134)
15
Evaluate -101 + 313 + 114 + -229.
97
Calculate 3 - (74 + -142) - 141.
-70
82 + (-48 + -20 + 43 - -2)
59
12 + -122 + 25 + -18 + 29
-74
Evaluate 36 + (-1 + (-8 - -5) - (11 - 12)).
33
Evaluate 23 + -17 - -30 - 52.
-16
What is -1 - -5 - (-524 - -541) - (-1 + 1)?
-13
What is 6 - (9 + (5 - -32) + -3 + 3 + 1)?
-41
What is the value of (-5 - 0) + (10 - -6) - (15 - 7) - 23?
-20
Calculate (-18 - (-66 + 83)) + 73.
38
What is -13 + 4 + -195 + 216 - ((-16 - 0) + -2)?
30
-21 + (-17 - (6 - 2)) + 0
-42
What is the value of (-2 - -1 - 66) + (-29 - (-14 + (-4 - 3)))?
-75
Evaluate (51 - 43 - 57) + 17.
-32
Calculate (-1667 - -1829) + -22 + -8.
132
What is the value of 4 + -34 - 61 - -33?
-58
(15 - (8 - (-2 + -11 + 3))) + (32 - 2)
27
What is 0 + 40 - ((-2 - 36) + -8 + 48)?
38
What is the value of (35 - (50 + -19)) + -83?
-79
Calculate (21 - 23 - -23 - 22) + 1 + 10.
10
What is the value of -67 + (155 - -38) + -130?
-4
What is (52 - (-6 - 13)) + (48 - 19)?
100
-8 + (-11 - (34 - 23)) + 30 + (0 - -44)
44
What is the value of -12 - (-121 - 63) - 67?
105
(-25 + 7 + 4 + 17 - 59) + 17
-39
Evaluate (2 - 77) + 5 + (22 - (39 - 11)).
-76
16 + -17 - -25 - 19
5
What is -7 + -3 + 17 + -10 + -9?
-12
Evaluate (409 - 223) + -172 - ((1 - 22) + 0).
35
What is the value of 0 + -20 + (38 - 16) + -1?
1
What is the value of -78 + (-89 - -90) + (-1 - (1 + 3)) + 6?
-76
Evaluate -13 - (2 + (60 - 71) + (-7 - -1)).
2
What is -117 - ((-7 - -2) + 2) - (-356 + 336)?
-94
What is the value of 58 - (-120 + 19 - -65)?
94
What is the value of -1 + -9 + -5 - -7 - (12 + -3)?
-17
Calculate 19 + -130 + (-77 - -196).
8
Calculate 12 - (2 + -1 - (-52 - -57)) - (71 + 14).
-69
What is (10 - 44) + (-2 + 9 + -4 - (0 - 2))?
-29
Evaluate (-14 + -1 - (28 + -169)) + -46.
80
Calculate 67 + -50 - (-130 - -252).
-105
Calculate -18 - -16 - ((11 - 10) + -55).
52
(42 - 1) + 444 + -463
22
What is the value of -46 - (-2 - -51) - -50?
-45
What is the value of 10703 - 10688 - (0 + 1 + -12 - -1)?
25
5 + -2 - ((-8 - -14) + -10 + 9 + -7)
5
What is the value of (-13 + -104 - -127) + 3 + -18 + 3?
-2
What is the value of (60 + 2 + -2 - (525 + -512)) + -7?
40
Evaluate -12 - (4 + (4 - (-16 + 38)) - (-14 + 3)).
-9
What is (18 - ((-5 - -22) + -7)) + 37?
45
(-9 - (11 - 33)) + (23 - (-24 + 72))
-12
Calculate 3 + (29 - -120) + -192.
-40
Calculate -13 - 31 - (-99 + 42).
13
What is -145 + 191 - (6 - -45)?
-5
What is the value of -55 + -39 + 42 + 38 + 5 + 0?
-9
Evaluate 33 + 369 + -360 + (0 - -11).
53
Calculate 2 - (-3 - -3) - (-5 + 27 + (-2 - -8)).
-26
Evaluate -7 - (41 + -13) - (33 - 5).
-63
55 - -1 - (42 + -48)
62
What is the value of 88 + (-2 + 10 - 9) + -8 + -2 + 12?
89
Calculate 1 + 22 + (-46 - (10 + -8)).
-25
What is the value of (16 - (-39 + 106)) + 72 + (-1 - 128)?
-108
What is the value of -838 + 827 + 0 + 32?
21
Calculate (-2 + -3 - (-121 - -100)) + -185 + 266.
97
Calculate 180 + -59 - 3 - 126.
-8
Evaluate (1 - (-14 - (18 - 42))) + 36.
27
Calculate 32 - (38 - -10) - -3.
-13
What is -73 + -1 - (103 + (85 - 168))?
-94
What is the value of 14 - (87 - (-46 - (-34 + -17)))?
-68
15 + -26 + 24 - (1 - 18)
30
What is (8 - -4 - (-3 - -5)) + -9 + -9 + -5?
-13
What is the value of 63 - (39 + 100 + -61)?
-15
Calculate -13 + 0 + 1 + -106 + (-75 - 9 - -87).
-115
Calculate 1 + -48 + (-1916 - -1949).
-14
What is the value of -93 - (-11 - 125 - -158)?
-115
10 + -11 + 51 + -51 + (1 - 1)
-1
114 - (-157 + 116) - (5 + -4 - 1 - -13)
142
What is the value of -11 + -4 + 44 + -58 + 24?
-5
-27 + 10 + -8 - (27 - 10)
-42
What is the value of (-20 - (-75 - -39)) + 44?
60
Calculate -7 + -3 + (-36 - -19 - (-1 + -26 - 1)).
1
What is 0 + -12 + (-1 - 9) + -37?
-59
What is the value of -17 - (-39 + -5 + 28 - 1)?
0
Evaluate 5 + -103 + 72 - (-2 - ((-9 - -1) + -1)).
-33
-9 + (11 + 2 - (51 + (-26 - -18)))
-39
Calculate (29 - (7 + (-23 - (-6 + 3)))) + -2.
40
What is the value of -111 - (26 + 45 - 81)?
-101
What is 66 + (1 - -1 - 5) - (-44 + 136 - 95)?
66
-83 + -39 + 62 + 46
-14
Evaluate 101 + -42 + -17 + -35.
7
Calculate 11 + (28 - 56) + -1 - (-5 + 5).
-18
Evaluate 14 - -68 - (43 - 0).
39
-120 + (19 - 5) - (21 + -28 + 5)
-104
Evaluate -8 + (5 + 0 - 8 - -5) + (-85 - -54).
-37
What is the value of -16 - (27 + -73) - (-2 - 1)?
33
What is 127 + (62 - 166 - 17)?
6
Evaluate -85 - (79 + (-122 - -74)).
-116
What is 13 + (-35 - -20 - 3 - -1)?
-4
What is ((-19 - -62) + -25 - 6) + -35?
-23
What is the value of 32 + -29 + (-6 - (12 + -24))?
9
Calculate -21 + (44 - ((9 - 3) + 16)).
1
(-8 - -20) + -93 - (-12 - (-8 - 8))
-85
80 - (28 + 22 + (-25 - -2))
53
What is the value of (101 - -3) + (76 - 88)?
92
What is the value of -21 + 0 + 23 + (-572 - -533)?
-37
Evaluate 8 + (-37 - -4) + -33 + 57 - -150.
149
Evaluate 3 + -33 + -58 + (-8 - -90) + (-72 - 1).
-79
What is 6 + (-16 - -9 - (-5 - ((-9 - -1) + 2)))?
-2
Calculate -149 + 76 + 226 + -54.
99
What is (106 - -12) + 185 + -201?
102
What is -126 + 123 + -140 + -4?
-147
5 - 3 - (1 + -8 + 2 + 90 + -24)
-59
Calculate (29 - 7 - -99) + 20 + 2.
143
What is the value of -26 + -54 - 24 